he tens digit of z?
7
Suppose 432*s - 402*s - 289740 = 0. What is the units digit of s?
8
Let b(s) = s**3 + 37*s**2 - 66*s - 3. Let a be b(-40). Let y = 3255 + a. What is the tens digit of y?
9
Let y(g) = g**2 + 11*g + 5. Let u be y(-8). Let l = u + 23. What is the tens digit of -4*1*(-2 - 39/l)?
4
Let l(v) = v**3 + 4*v**2 - 8*v + 7. Let c be l(-5). Suppose c*t = 19*t + 969. What is the hundreds digit of t?
3
Let i be ((-208)/(-156))/(8/5286). Suppose -2*p + 643 = -i. What is the hundreds digit of p?
7
Suppose -4*g + 27 = -g. Let l(y) = -y**3 + 4*y**2 + 16*y - 13. Let b be l(6). Let i = b + g. What is the units digit of i?
0
Suppose 0 - 1 = -w. Suppose -1806 = -27*n - 8394. What is the tens digit of (1 + n)*w/(-3)?
8
Let s(x) = 2*x**3 - 5*x**2 + 3*x + 1. Let v(p) = p - 3. Let j be v(6). Let g be s(j). Suppose g = 3*u - 188. What is the units digit of u?
9
Let s = 2865 + -2011. What is the tens digit of s?
5
Let c(n) = n**3 + 72*n**2 + 432*n + 123. What is the thousands digit of c(-65)?
1
Suppose -4*i = -2*l - 12664, i + 12*l - 9*l - 3159 = 0. What is the hundreds digit of i?
1
Suppose -7*n = -5*n - w - 993, -3*n = -3*w - 1491. Suppose 4*i - 7*l + 2*l = n, 5*l = -20. What is the hundreds digit of i?
1
What is the hundreds digit of 15 + -2 + -8 - (-3933 - 1) - 3?
9
Suppose 87*w + 408895 - 1357369 = 0. What is the hundreds digit of w?
9
Suppose -4*n = c - 15748, -26*c + 25*c + 15754 = n. What is the thousands digit of c?
5
Suppose v - 5 = -4. What is the units digit of (8/6 - v)*1203?
1
Let h(k) = 367*k - 138. What is the tens digit of h(6)?
6
Let q = 142 + 21. Let y = -93 + q. Let w = 159 - y. What is the units digit of w?
9
Suppose 41671 - 207523 = 17*j. What is the units digit of 5/(-25) - (j/30 - 2)?
7
Suppose -8 = 4*j - 0*j, 3*r + j - 1120 = 0. Let m = 101 + r. What is the tens digit of m?
7
Suppose -46*d = -370*d + 4054212. What is the ten thousands digit of d?
1
Suppose -4*n + 1 = -7. Suppose n*u = 6 - 0. Suppose u*j + 3*s = 210, -j - 2*s + 4*s = -61. What is the tens digit of j?
6
Let g(z) = 4*z + 94. Let f be g(-29). Let n(s) = -s**3 - 19*s**2 + 53*s - 13. What is the units digit of n(f)?
3
Let t(v) = 269*v**2 + 2*v + 14. What is the hundreds digit of t(-3)?
4
What is the hundreds digit of (115/(-2))/((-2)/366) - 88/176?
5
Let v(i) = i**2 + 4*i - 49. Let x be v(-13). Let m = 166 - x. What is the units digit of m?
8
Suppose 7411 + 12510 = 13*k - 12007. What is the hundreds digit of k?
4
Let o be (5/(-15))/(1/(-9)). Suppose 5*f - o*t - 268 = 0, -4*f + 9*f - t = 276. What is the units digit of f?
6
Suppose 0 = 2*s + 7 - 17. Suppose -2*o + 3*a = -s*o + 792, 0 = 5*o - 5*a - 1350. What is the hundreds digit of 2/(-8)*-2 - o/(-2)?
1
Let j(r) = r**3 - 11*r**2 - 11*r - 8. Let a be j(12). Suppose -3*m - m = a. What is the tens digit of m + 155/(2 - -3)?
3
Let h(q) = 2*q**3 + 2 - 5*q + 7 + 2*q**2 - q**3. Suppose -139*z + 116 = -110*z. What is the tens digit of h(z)?
8
Suppose 2659081 = 480*w - 17793239. What is the thousands digit of w?
2
Let f = 6004 - -714. What is the thousands digit of f?
6
Let b = 18 + -13. Suppose -13 = 4*l - b*l. Suppose -4*s + 3*o = -5*s - 4, -l = -5*s - 4*o. What is the units digit of s?
5
What is the hundreds digit of (-48)/(-36)*10968 - (-8)/(-4)?
6
Let a(z) = -198*z + 8582. What is the units digit of a(0)?
2
Let o be 2/7 + (-55422)/(-63). Let k = -124 + o. Suppose 2*p = 11*p - k. What is the units digit of p?
4
Let c(h) = 2*h**2 - 18*h - 6. Suppose 5*f = -11 + 56. Let n be c(f). Let r(v) = -v**3 - 4*v**2 - v - 4. What is the units digit of r(n)?
4
Suppose k + 2127 = -5*g, -180 = g - 5*k + 235. Let y = g - -540. What is the units digit of y?
5
Let h = 2653 + -379. What is the hundreds digit of h?
2
Let x = 152 - 124. Suppose 0 = -3*j + 3*t + 133 - x, 190 = 5*j - 2*t. What is the units digit of j?
0
Let y = -8349 + 13267. What is the units digit of y?
8
Let p be 9 - 6 - 8 - -126. Suppose -2616 = -5*s - p. What is the units digit of s?
9
Let k(m) = -m**3 - 6*m**2 - 2*m - 8. Let q be k(-5). Let w = q - -12. Let g(j) = 2*j**2 + 12*j + 3. What is the hundreds digit of g(w)?
1
Suppose 1585 - 11384 - 1267 = -11*r. What is the tens digit of r?
0
Suppose -3*t + 2*t + 436 = 2*d, 1744 = 4*t + d. Suppose -t = -27*h + 12713. What is the units digit of h?
7
Suppose 155*g + 26360 - 61381 = 84949. Let v = 6 - 10. What is the hundreds digit of (((-40)/(-15))/v)/((-4)/g)?
1
Let k = 11386 - 3004. What is the hundreds digit of k?
3
What is the thousands digit of 4959 + 87/(-9) + (-24)/72?
4
Suppose 2414 = y + 4*f, -4*f - 428 = -464. What is the units digit of y?
8
Let r(c) be the first derivative of 182*c**3/3 + 5*c**2/2 + 7*c + 3. What is the hundreds digit of r(-2)?
7
Let b(q) = 5*q**2 + 33*q - 131. Let c(w) = -11*w**2 - 68*w + 263. Let j(l) = -13*b(l) - 6*c(l). What is the units digit of j(26)?
5
Let m be (2/4)/(27/(-378)). Let y(k) = -49*k + 31. What is the units digit of y(m)?
4
Suppose -685 = -12*v - 109. Let x = v - 4. Let t = 109 - x. What is the units digit of t?
5
Let g(b) = 16 - b**2 + 15*b + 9 - 8. Let n be g(16). What is the tens digit of ((-759)/22)/(n/(4/(-3)))?
4
Suppose -l - l - 242 = 0. Let s = l - -57. Let t = 225 + s. What is the hundreds digit of t?
1
Let s(u) = -3053*u + 53. Let p be s(-1). Suppose -3*j + 4*h = -7*j + 3112, -4*j + 2*h + p = 0. What is the units digit of j?
7
Let a(g) = -7149*g + 244. What is the thousands digit of a(-2)?
4
Suppose 31*q - 391 = 14*q. Suppose -22*t - 2*k = -q*t + 891, 4*t - 3564 = 5*k. What is the tens digit of t?
9
Let f(w) = 163*w + 60. Let u = -558 - -562. What is the units digit of f(u)?
2
What is the tens digit of (-15)/(-15) - 3 - -6791?
8
Suppose -55*a - 245 = -1015. Suppose 4*z - 8268 = -5*f, 19*z = -f + a*z + 1662. What is the units digit of f?
2
Suppose 5*c - 3*d - 26197 = -d, -3*c - 5*d + 15743 = 0. What is the tens digit of c?
4
Let u(k) = 23*k + 8. Let x be u(6). Suppose h - 5*l - x - 111 = 0, 0 = 3*l + 12. What is the hundreds digit of h?
2
What is the units digit of -6335*((-33)/15)/(10/10)?
7
Let p(c) = -3 + 1 + 0*c + 4*c - 12. Let w = -3 - -12. What is the units digit of p(w)?
2
Suppose -2*n + 168*g + 21177 = 173*g, 4*g - 42324 = -4*n. What is the tens digit of n?
7
Let c = -32 + 57. Let f(h) = h**3 - 24*h**2 - 24*h + 97. What is the units digit of f(c)?
2
Let i(f) = -3*f**3 + 3*f**2 + 44*f + 46. What is the units digit of i(-10)?
6
What is the units digit of 2407/(985/(-55) - -18)?
7
Suppose 7*u - 224 = -0*u. Suppose -28*q = -u*q + 944. Suppose 0 = 7*x - 908 + q. What is the tens digit of x?
9
Let t(k) = 9*k**2 + 20*k - 2. Suppose -2*w + 3*b + 18 = 19, -4*b + 4 = -3*w. What is the tens digit of t(w)?
1
What is the hundreds digit of 7014/(-835)*6190/(-6)?
6
Let j = 130 - 124. Suppose 1137 = j*u + 255. What is the tens digit of u?
4
Let u = 579 + -569. Suppose u*x - 546 - 374 = 0. What is the tens digit of x?
9
Suppose -3*k - 7 = k + r, 4*r - 8 = 2*k. Let x be 1*(2 - -2) + k + 1. Suppose x*s + 5*o - 165 = 0, -4*s + 173 = -5*o - 47. What is the units digit of s?
5
Let t(z) = -712*z + 275. What is the tens digit of t(-11)?
0
Let f(r) be the second derivative of -8*r + 0 - 17/6*r**3 + 7/2*r**2 - 1/20*r**5 + 5/6*r**4. What is the units digit of f(7)?
5
Let u(s) = -10*s**3 + 125*s**2 - 3*s - 19. What is the hundreds digit of u(10)?
4
Suppose -4*m - 19 = 3*t, 11*m - 6*m = -4*t - 23. What is the units digit of 247560/140 + 2/m?
8
Let s = 177 - 182. What is the tens digit of (4/s)/(-1)*(-67095)/(-42)?
7
Let g(n) = n**3 + 9*n**2 - 13*n - 19. Let c be g(-9). What is the tens digit of c*7/(-21)*(0 + -9)?
9
Let s(q) = -4*q + 133. Let g be s(31). Suppose -1106 = g*v - 5822. What is the units digit of v?
4
Suppose -19 + 7 = 4*k. Let r be ((-3)/k)/((-2)/(-66)). Let x = 41 - r. What is the units digit of x?
8
Let i(s) = 201*s**2 + 3*s. Let l be i(-2). Suppose 0 = -26*d + 28*d - l. What is the hundreds digit of d?
3
Suppose -8*n + 5*d = -10*n + 25, 3*n - 12 = d. Let g(q) be the third derivative of q**6/120 - q**5/20 + 8*q**3/3 - 2*q**2. What is the units digit of g(n)?
6
Let c(y) = y**2 + 24*y + 46. Let k be c(-22). Suppose k*w = -4*v + 72, 131 - 27 = 4*w - 2*v. Suppose w*f + 4 = 32*f. What is the units digit of f?
1
Let d be ((-30)/8 - -3) + 11925/12. Let a = 2266 - d. What is the u